f u and q?
16
Let f be (16 + -1)/((-1)/(-5)). Let p = f - 27. Suppose -19*w - 26 = -248 - 82. What is the highest common divisor of p and w?
16
Let l = 75 - 71. Suppose 6*j - 179 = -p + l*j, 935 = 5*p + 2*j. Calculate the highest common divisor of 35 and p.
7
Suppose -285 = 2*o - 285. Suppose o = -5*t + w + 1645, -841 - 804 = -5*t - 2*w. What is the highest common divisor of t and 7?
7
Let j = -64 + -6. Let y = j + 94. What is the highest common factor of 144 and y?
24
Let a = 3131 + -3128. Let h = -146 + 227. Calculate the greatest common factor of h and a.
3
Let o(j) be the second derivative of -j**4/12 - 3*j**3 - 45*j**2/2 + 57*j + 2. Let i be o(-5). What is the highest common factor of i and 20?
20
Let b = 11 + -11. Suppose 27*m - 18*m - 351 = b. Calculate the greatest common factor of m and 6.
3
Suppose 2*u = 3*b - 17, 1 = -3*b - 4*u - 6. Suppose 0 = -b*x + 21*x - 5940. What is the greatest common divisor of 30 and x?
30
Let m = 24 - 15. Let l(j) = -3265*j + 14. Let w be l(4). Let t be w/(-99) + 2/m. What is the highest common divisor of t and 12?
12
Suppose 37*s - 33*s - 404 = 0. Let o be 706/18 - (s/9 - 11). What is the highest common divisor of o and 3?
3
Let l be (2/(-6))/((-1)/6). Let b = -29203 + 29285. Calculate the highest common factor of l and b.
2
Let w be 4/(-4) - (0 + 2). Let v be (2/w)/((-12)/18). Let d = 178 - 167. Calculate the greatest common factor of v and d.
1
Suppose -2*m = -j - 117, 24 = 2*m + j - 95. Let z be (2/10 + 42/14)*(-7080)/(-48). Calculate the highest common factor of m and z.
59
Suppose 3*y + 6 = -5*i - 6, 2*i = 6. Let g be 6/y - (-1804)/(-12). Let m = g + 221. What is the greatest common factor of 28 and m?
14
Let o = -94 - -196. Suppose 8*s - 45 = 227. What is the highest common factor of s and o?
34
Suppose -12 = -5*j + j - 4*o, 5*j - 7 = -3*o. Let u be ((-350)/3)/(-5) + j/3. Calculate the greatest common factor of 276 and u.
23
Let u(t) be the first derivative of t**3/3 + 4*t**2 + 6*t - 43. Let f be u(-9). Calculate the highest common factor of 45 and f.
15
Suppose -473*t + 524*t = 1275. What is the greatest common divisor of t and 3675?
25
Let w = 39 + -35. Suppose 290 = 6*h + w*h. Let x be 3/((-180)/(-58) + -3). Calculate the highest common divisor of x and h.
29
Let j = 8 - 6. Suppose 54 = j*s + 12. Let g = -386 - -393. What is the highest common factor of g and s?
7
Let i be 1/((-16)/(-15070)) + 32/(-1 - -257). Calculate the greatest common factor of 22 and i.
2
Suppose 1164 = 329*y + 59*y. Calculate the greatest common divisor of y and 13269.
3
Suppose -4429 = -98*l - 5*l. Let y = 532 + -360. Calculate the highest common divisor of y and l.
43
Suppose -349*k = -353*k + 432. Suppose 8 = m + 3*p - 27, -4*p - k = -4*m. Calculate the greatest common divisor of m and 29.
29
Let p = -227 + 229. Suppose 5*h = 2*h + 9. Suppose p*v = 3*v - h*a - 24, 62 = 2*v + a. Calculate the greatest common factor of v and 270.
30
Let k(a) = 27*a + 119. Let f be k(-21). Let r = 513 + f. What is the greatest common factor of 15 and r?
5
Suppose -g = -c - 53, 0 = 4*g - 2*c + 46 - 258. Suppose 49*s = g*s - 84. Calculate the greatest common factor of 126 and s.
21
Let x be (43800/1022)/(3/14). What is the greatest common factor of x and 350?
50
Let j(p) = -326*p**3 - 5*p**2 + 41*p + 94. Let u be j(-2). Calculate the greatest common factor of u and 500.
100
Let j(b) = 7*b**2 + 57 - 57 - 2*b - b**3 + 6*b. Let l be j(4). What is the highest common factor of l and 48?
16
Let d = -6009 + 6099. What is the greatest common divisor of 90 and d?
90
Let s be (18/15)/((15/1875)/((-9)/(-6))). Calculate the highest common divisor of s and 315.
45
Suppose 0 = 2*x - j + 4*j - 11, -x - 5*j = -2. Suppose x*f - 41 - 92 = 0. Let u = 45 - f. What is the greatest common divisor of u and 39?
13
Let k(s) = -8 + 338*s - 1 - 1 - 307*s. Let c be k(1). Let q be ((-1239)/(-252) - 2/8)*c. Calculate the greatest common divisor of q and 14.
14
Let m(r) = -r**3 - 14*r**2 - 4*r + 7. Let s be m(-13). Let v be (8/10)/((-4)/s). Suppose 1232 = -29*n + 36*n. Calculate the greatest common divisor of v and n.
22
Let r = -32555 - -32631. Calculate the highest common divisor of r and 646.
38
Suppose 4*j - 2*k - 11236 = 0, 53*j - 58*j = 5*k - 14075. Calculate the highest common factor of 3 and j.
3
Suppose -3*d + 3*b + 426 = 0, 430 = 2*d + 5*b + 139. Suppose 3*s = 5*i + 110 + d, 2*i - 99 = -s. What is the greatest common factor of 247 and s?
13
Let m(f) = 3*f**2 - 150*f + 2892. Let j be m(76). What is the greatest common factor of 28 and j?
28
Let r be (-196)/21*(1051/(-2) - 185/(-37)). Calculate the greatest common factor of 7 and r.
7
Let a = 180 + -196. Let k(c) = -4*c**2 - 67*c - 18. Let d be k(a). Let n be 0 + 19 + 1 + 0. What is the highest common divisor of n and d?
10
Suppose j - 19 - 29 = 0. Let z = 100 + j. What is the highest common divisor of z and 4?
4
Suppose -22*p - 20358 = -20842. Calculate the highest common divisor of 20438 and p.
22
Suppose -7*s - 1 = -22. Suppose j - 2*o = 470, s*j = -3*o + 374 + 1027. Calculate the greatest common factor of 52 and j.
52
Suppose 13 - 34 = -7*h. Suppose i = i + h*i. Suppose i = -4*j + 348 + 20. What is the greatest common factor of 23 and j?
23
Let a = 4042 - 3999. What is the highest common factor of 12169 and a?
43
Suppose -4*v - 1048 = p - 2988, -4*p + 2*v + 7598 = 0. Calculate the highest common factor of p and 1071.
119
Suppose 5*o + 61893 = 44*o. What is the highest common divisor of o and 207?
69
Suppose -k = 2*p - 87, 0*p - 36 = -p - 3*k. Suppose 0 = 4*t + 16, -49*w = -p*w - t - 664. What is the highest common factor of 99 and w?
33
Suppose 431 = 4*n + d, 185*d = 2*n + 187*d - 214. What is the greatest common divisor of 3204 and n?
36
Suppose -9*z + 521 = -7*z - q, -4*z + 3*q + 1039 = 0. What is the highest common divisor of 20 and z?
2
Let r(x) = 4*x**3 + 9*x**2 - 30*x - 24. Let m be r(5). Calculate the highest common factor of m and 76.
19
Suppose -2*q - a - 26 = 0, -9*q + 5*a = -5*q + 80. Let k be 4 + (-383)/(-5) - q/(-25). What is the highest common factor of k and 16?
16
Let i = 4194 + -4074. Calculate the highest common divisor of 13020 and i.
60
Let u = -151 + 224. Let x = -26526 - -27767. Calculate the highest common factor of x and u.
73
Suppose 0 = -3*p - 7 + 103. Let q be (223 - -5)*5*(-2)/(-165)*22. What is the greatest common factor of q and p?
16
Let n be 0 + 72 - (3 - 3). Let x be (5/15)/((-1)/(-54)). Let s be (0 - -19) + -19 + x. Calculate the greatest common divisor of s and n.
18
Suppose 3*q + 7380 = -44*q + 69561. Calculate the highest common factor of q and 147.
147
Let q be (124/8)/(4/1664*4). Suppose -2*s = 5*r + 2*s - q, 1302 = 4*r - 3*s. Let m be 2 - (35/(-1) - -1). Calculate the greatest common divisor of m and r.
36
Let w = 87 + -88. Let p be ((-196)/(-12) - w)*(-9)/(-6). What is the highest common divisor of p and 13?
13
Let f be -1*(11 + (9 - (-3 + 325))). What is the highest common factor of f and 7097?
151
Suppose -21*i - 2404 + 7612 = 0. Calculate the highest common divisor of 8 and i.
8
Suppose 10410 = 3*z - 3*b, -13874 = -4*z + 3*b + 2*b. What is the greatest common factor of z and 22?
22
Suppose 2*p - 3*p = 3*w - 16, 4*w - 34 = 5*p. Let t = 667 - 450. Suppose 9*y - 215 = t. Calculate the greatest common divisor of y and w.
6
Let a be ((-96)/2)/((-112)/728). Suppose a = 20*g - 2108. Calculate the highest common divisor of 11 and g.
11
Let a = 14184 + -5804. What is the highest common divisor of 40 and a?
20
Let c be 5480/50 + (-2 - 3 - (-324)/60). Suppose 3*w - 34 = 5*o - 3*o, -32 = -4*w - 4*o. Calculate the highest common factor of w and c.
10
Let r(g) = 12*g**2 - 44*g + 2. Let s be r(-2). What is the highest common factor of s and 2944?
46
Let s = -459 - -472. What is the greatest common factor of s and 2249?
13
Suppose -115 = -28*v - 31. Let k(c) = 4*c**2 - 7*c + 13. Let x be k(v). Calculate the highest common factor of x and 224.
28
Suppose 5 = -23*w - 41. Let n be -7 + 110 + 9 - (-2)/w. Calculate the highest common factor of 3 and n.
3
Let g(j) = 49*j + 11. Let l be g(0). Suppose t = l*t - 500. Let x be (-276)/(-14) - (-4)/14. What is the highest common factor of t and x?
10
Let a(u) = -u**3 - 3 + 16 - 8*u**2 + 3*u - 5 - 3*u**3. Let i be a(-4). What is the highest 